e number?
True
Let g = -857 + 1683. Suppose 5*z - g - 2689 = 0. Suppose 3*f + 463 = w + w, 3*w + 4*f - z = 0. Is w prime?
True
Suppose 3*c + 542 = 2*a + c, -4*a + 1068 = 4*c. Suppose k - 4*t - a = 0, -3*k + 5*k - 2*t - 514 = 0. Is k composite?
True
Let r(v) be the first derivative of -13*v**4/24 - 5*v**3/6 - 3*v**2/2 + 2. Let g(x) be the second derivative of r(x). Is g(-4) composite?
False
Suppose 1 + 0 = l, -2*w + 5*l = 13. Let p be 6/w - (-189)/6. Is (-4)/(-10) + 24198/p a prime number?
False
Is 3817*((-12)/(-14) + (-7)/(-49)) a prime number?
False
Let z = 819 - 446. Suppose -y = 2*y - 4*n - 389, -4*n = 3*y - z. Is y a composite number?
False
Suppose -1931 = -2*s + s. Is -3 + s/3 - (-3)/9 prime?
True
Suppose -4*b + 989 = -2135. Let w = 216 - -302. Let p = b - w. Is p composite?
False
Suppose 0 = -7*u + 59327 + 58182. Is u prime?
True
Suppose -7*h + 4 = 11. Is (-8)/2 + 265 - (1 - h) a composite number?
True
Suppose -2343 = -5*l + 3117. Suppose 0 = -4*v + l + 568. Is v a prime number?
False
Suppose 6*p = 69601 - 10219. Is p prime?
False
Suppose 55*t - 4*f = 52*t + 12955, 4*f = -5*t + 21613. Is t a composite number?
True
Let f(b) = 3*b**2 + 2*b + 3251. Is f(0) composite?
False
Suppose 2*u = 4*u - 12. Suppose -2*x = -4 - u, 5*g = -3*x + 10. Let y(l) = -85*l**3 - l**2 - l. Is y(g) a composite number?
True
Suppose 0*d - 10 = -5*d. Suppose 2*z - 4*z - 2*a = -2, 3*z - 2*a + d = 0. Suppose z*r = 5*u + 3*r - 379, -r = -4*u + 310. Is u a composite number?
True
Is 22/(-55)*(-145)/6*291 prime?
False
Let x(h) = -66*h + 7. Let v be x(-5). Let r = v - 188. Is r a composite number?
False
Let b = -225 - -787. Is b composite?
True
Is 43412/10*(-10)/(-4) a prime number?
True
Let v(t) = -3*t. Let q be v(-1). Suppose -h - q*h - 5*n + 201 = 0, -194 = -4*h + 2*n. Let m = 82 - h. Is m prime?
False
Let j = -9 - -11. Let x = -216 - -426. Suppose -524 = -j*v + x. Is v a prime number?
True
Suppose 34*w = 21*w + 9139. Is w a prime number?
False
Suppose -4*h = -d + 106, -8 = -2*h + 4*h. Is 19/(d/(-848) - 1/(-8)) a prime number?
False
Suppose -6*u + 9*u = 6, -4*u = -5*t + 24567. Is t prime?
False
Let p(y) = 2*y**2 - 7*y + 22. Suppose 5*k - 21 = 44. Is p(k) a composite number?
False
Is 1/2*-21*11768/(-12) prime?
False
Let z(c) = 106*c + 45*c - 13 + 1. Is z(5) prime?
True
Let g = 276 + 11. Suppose u - g = -0*u. Is u composite?
True
Suppose a - 10 = -3*k, -2*k + 0*k = a - 12. Suppose x - a = -x. Suppose -2*d - 4*r = d - 1273, -2*r = -x. Is d a prime number?
True
Suppose -65*a + 68*a = 1071. Let z = a + -62. Is z prime?
False
Let z(l) be the third derivative of -71*l**4/12 - 7*l**3/6 - 15*l**2. Is z(-3) composite?
False
Suppose -3*j + 5 = -2*u, 4 = -2*j + 5*u - 0*u. Suppose j*x = -0*x + 10809. Is x prime?
False
Let g(n) = 262*n**2 + 4*n + 9. Is g(-2) composite?
False
Let g be (-100)/25 - (-6)/3. Let r(j) be the second derivative of 11*j**4/2 - j**2/2 + j. Is r(g) composite?
False
Let v = 7 + -9. Let z be 0 - (62207 + -3 + v). Is ((-1)/3)/(14/z) prime?
True
Let w be ((-1)/2)/(2/(-12)). Suppose -13*y + 370 = -w*y. Is y a composite number?
False
Let d be (-1 + 15/6)*10. Let t = d + -15. Suppose g - 5 = t, -5*g - 158 - 2 = -b. Is b prime?
False
Let u be ((-8)/10)/((-2)/25). Let z = u - 6. Suppose z*v + 0*w + w = 585, -4*v + 565 = -3*w. Is v a composite number?
True
Suppose -31*o = -38*o + 2905. Is o composite?
True
Let q(s) = -s**2 - 15*s + 4. Let x be q(-15). Suppose -3*i + 2*c - 1352 = -3367, -2672 = -x*i - c. Is i a prime number?
False
Let l = -8024 + 12277. Is l a prime number?
True
Let t = 20 - 20. Let y(g) = -g**3 + g**2 + 444. Let q be y(t). Let i = q - 259. Is i a prime number?
False
Suppose -2*g - h = -467, 2*g + 0*g + 2*h = 462. Suppose -2*p + 878 = -g. Is p a prime number?
True
Let q = 2608 - -7289. Is q prime?
False
Let u = -63 - -68. Suppose 5*q - 4260 = -u*y, -2*q + 3*y + 1701 = 2*y. Is q a prime number?
False
Let x = 65 - 56. Suppose x*f - 15684 = -825. Is f a composite number?
True
Suppose n - 4*u = -2*n + 28, -5*n - 4*u = -4. Let z be (n - 6) + (-134)/(-1). Let c = z + -85. Is c prime?
True
Suppose -n + 33642 = -3*u + 8191, -3*u - 127207 = -5*n. Is n prime?
True
Suppose 0 = -p + 5 - 2. Suppose -4*o = c + 9, -o = -p*c - 0*c - 14. Is (-4 - (2 + -3))*o a prime number?
True
Let b(i) = 935*i - 83. Is b(20) a prime number?
True
Let n(h) = h**2 + h + 2. Let v be n(0). Is 27/v*(-10)/(-15) prime?
False
Suppose -g = -0*g - 8. Suppose -425 = 3*o - g*o. Is o a prime number?
False
Suppose 2*q = -q + 18. Suppose 170 = -q*p + 3080. Is p a composite number?
True
Let v(c) = 545*c + 48. Let l be v(5). Suppose -804 + l = h. Is h a prime number?
False
Let b(p) = 2*p**2 + 13*p - 5. Let v be b(-7). Suppose 0 = -j + s + 2700, 10 = v*s - 0*s. Is j a prime number?
False
Is (-118)/649 - (1 + (-447528)/22) prime?
True
Let g(r) = r**2 + 3*r - 2. Let w be g(-8). Suppose -22 = -n + w. Is (422/(-8))/((-15)/n) prime?
True
Let q(j) = j + 22. Let f be q(-11). Let b be 60/33 - (-2)/f. Suppose 0 = -0*i + b*i - 314. Is i composite?
False
Let p(j) = -j**3 + 10*j**2 - j - 3. Let d be p(10). Let v = d - -23. Is (-53 - 0)*v/(-2) composite?
True
Let x = 51497 - 28410. Is x a composite number?
False
Suppose 18*v = 20*v + 1850. Let b = 3212 + v. Is b composite?
False
Suppose -9*g + 22563 = 14*g. Suppose 0 = -2*n + n - w + 3578, w = -3*n + 10734. Suppose n - g = 7*d. Is d composite?
True
Let o(t) = t - 2. Let v be o(0). Is v/(-8) - 6294/(-8) composite?
False
Suppose -5*u - 6 = -8*u. Suppose 4*c = -o + 23, 2*c - 49 = -5*o + u*o. Is 103/(-3)*o/(-5) a prime number?
True
Let t be 186/15*1*5. Let l(j) = -j**3 - 8*j**2 - 5*j + 1. Let f be l(-6). Let z = f + t. Is z a composite number?
True
Suppose -3*u - 670 = -8*u. Let w = u + -87. Is w a prime number?
True
Let n(d) = d**2 - 2*d - 1. Let h be n(2). Let x(p) = -321*p - 2. Is x(h) a prime number?
False
Let a = -12 + 1. Let q = -11 - a. Suppose q*w + 2*w = 254. Is w a composite number?
False
Suppose j + 201367 = 3*u, -33*u - 5*j = -30*u - 201343. Is u prime?
True
Let b be (-2)/5 - 48/(-20). Suppose b*o = -3*o. Suppose o = -2*t + 8, 2*f - 5*t = 7*f - 265. Is f a prime number?
False
Let c(v) = v**3 + 7*v**2 - 9. Let o be c(-7). Let s be 2 - 88 - (-9 - o). Let x = s + 175. Is x prime?
True
Let a(i) = -104*i - 121. Is a(-9) prime?
False
Let z(w) be the second derivative of 61*w**5/20 - w**2/2 + 5*w. Let y be z(1). Suppose -2*u = 2*u - y. Is u a prime number?
False
Let h = -225 + 325. Suppose 6*i = 4*i + 8, -5*c + 349 = i. Let f = h - c. Is f a prime number?
True
Let w(a) = 3*a + 27. Let m be w(-10). Is (m + 328/4)/1 a composite number?
False
Suppose 3 + 22 = 5*x. Let l be (x/4)/(1/8). Is (-8)/(-40) - (-1448)/l a prime number?
False
Suppose g - 1341 = 5*p, 761 = g + 5*p - 620. Is g prime?
True
Suppose 495 = -4*w - 25. Let b = -184 - w. Let r = b - -80. Is r a prime number?
False
Let p = 3165 + -2296. Is p composite?
True
Is (-1)/8 + 2/((-96)/(-4878774)) composite?
False
Is 10/(-3)*-2181*5/10 composite?
True
Let p be (-4)/(-18) + (-38)/9. Let c = 1145 + 1651. Is c/(-18)*6/p composite?
False
Suppose 0 = -2*q - 7 - 19. Let h = -13 - q. Let z(g) = g**3 + g**2 + g + 69. Is z(h) composite?
True
Let x(i) = i**3 + 9*i**2 + 17*i + 22. Let w be x(-7). Suppose a - 25 - w = 0. Is a composite?
True
Suppose -3*g - 2*g + 80 = 0. Let f = g + -14. Suppose 731 = f*h + 205. Is h a prime number?
True
Is (3 + -80)*76265/(-245) a composite number?
True
Suppose 4*v = 776 + 932. Let s = 789 - v. Is s a composite number?
True
Let q = -47 - -71. Is (q/18)/4*1257 a composite number?
False
Let m(z) = 200*z**2 + 19*z + 76. Is m(-7) prime?
True
Let s(y) = y**2 + 9*y - 20. Let n be s(-11). Suppose 5*a - 6 = n*a. Is 342/9*1/a a composite number?
False
Let s(j) = -19*j + 0 + 116*j + 3 - 12. Is s(4) prime?
True
Let k = 19 - 15. Suppose 652 = k*i - 840. Is i prime?
True
Let u be (0/2)/(28/(-7)). Suppose 4*v - 18 - 2 = u. Suppose 0 = -2*c + v*c - 597. Is c prime?
True
Suppose 3*l + 6 = -4*b, -5*l = -2*b - 1 + 11. Let y = l + -1. Is y/(-5) - (-742)/5 a prime number?
True
Let a = -11 + 3. Let h be (a + -1)*(19 + -18). Is (-2)/3 + (-1347)/h prime?
True
Suppose 3*h + u - 2*u - 13 = 0, 2*u - 29 = -5*h. Suppose h*z - 1 + 11 = 0. Is 1 + 126 + (-2 - z) a composite number?
False
Suppose -2*x = 2*x - 80. Is 10/